
What is the greatest common factor of 47 and 235?
47
What is the highest common factor of 35 and 175?
35
What is the highest common factor of 3625 and 29?
29
What is the highest common divisor of 32 and 232?
8
What is the highest common factor of 561 and 17?
17
Calculate the greatest common divisor of 312 and 456.
24
What is the greatest common divisor of 9208 and 8?
8
What is the greatest common factor of 2976 and 384?
96
What is the highest common divisor of 2 and 30?
2
What is the greatest common factor of 87 and 22272?
87
What is the highest common factor of 146 and 3577?
73
What is the highest common factor of 1674 and 270?
54
What is the greatest common factor of 60 and 108?
12
What is the greatest common factor of 213 and 33?
3
Calculate the highest common divisor of 13 and 19370.
13
Calculate the greatest common divisor of 243 and 2484.
27
What is the greatest common factor of 1095 and 240?
15
Calculate the highest common divisor of 1500 and 870.
30
Calculate the greatest common factor of 184 and 848.
8
Calculate the highest common divisor of 744 and 62.
62
What is the greatest common factor of 1716 and 468?
156
Calculate the greatest common factor of 66 and 110.
22
Calculate the greatest common divisor of 292 and 20659.
73
What is the highest common divisor of 1110 and 4958?
74
Calculate the highest common factor of 140 and 8330.
70
Calculate the highest common factor of 126 and 63.
63
Calculate the highest common divisor of 91 and 84.
7
Calculate the highest common divisor of 2808 and 1836.
108
Calculate the greatest common factor of 136 and 88.
8
What is the greatest common factor of 118 and 5546?
118
Calculate the highest common factor of 18 and 282.
6
What is the highest common factor of 75 and 425?
25
What is the greatest common factor of 1159 and 57?
19
Calculate the highest common divisor of 268 and 3886.
134
What is the greatest common divisor of 11844 and 126?
126
Calculate the greatest common divisor of 750 and 2970.
30
What is the greatest common factor of 5 and 313?
1
Calculate the highest common divisor of 143 and 416.
13
Calculate the greatest common divisor of 28 and 966.
14
What is the highest common divisor of 2697 and 1131?
87
Calculate the greatest common factor of 1206 and 18.
18
What is the greatest common factor of 8478 and 9?
9
What is the highest common factor of 665 and 35?
35
What is the greatest common divisor of 594 and 429?
33
Calculate the highest common factor of 8 and 1048.
8
What is the highest common factor of 100 and 43350?
50
Calculate the greatest common factor of 254 and 1143.
127
Calculate the highest common divisor of 17 and 527.
17
Calculate the highest common factor of 672 and 3104.
32
What is the greatest common divisor of 5520 and 32?
16
Calculate the highest common factor of 636 and 33.
3
What is the greatest common divisor of 132 and 220?
44
Calculate the highest common divisor of 36 and 2004.
12
Calculate the highest common divisor of 7 and 7231.
7
What is the greatest common divisor of 448 and 1624?
56
What is the greatest common divisor of 90 and 1404?
18
What is the greatest common factor of 1073 and 999?
37
What is the highest common divisor of 432 and 352?
16
What is the greatest common factor of 855 and 475?
95
What is the highest common divisor of 865 and 80?
5
Calculate the greatest common divisor of 231 and 10479.
21
Calculate the highest common factor of 36 and 279.
9
Calculate the greatest common factor of 846 and 108.
18
Calculate the greatest common divisor of 4 and 17384.
4
What is the highest common divisor of 343 and 49?
49
What is the highest common divisor of 44 and 297?
11
Calculate the highest common factor of 1558 and 190.
38
Calculate the greatest common divisor of 1403 and 61.
61
What is the greatest common divisor of 168 and 399?
21
What is the greatest common divisor of 16 and 2?
2
What is the greatest common divisor of 140 and 112?
28
What is the highest common factor of 28 and 83?
1
What is the greatest common divisor of 3200 and 100?
100
What is the greatest common factor of 275 and 935?
55
Calculate the highest common factor of 3 and 111.
3
Calculate the highest common divisor of 16 and 1072.
16
What is the highest common divisor of 37 and 3?
1
What is the highest common divisor of 27278 and 46?
46
Calculate the highest common divisor of 3431 and 219.
73
What is the highest common divisor of 260 and 255?
5
What is the greatest common factor of 287 and 369?
41
Calculate the highest common divisor of 1547 and 357.
119
What is the highest common divisor of 551 and 667?
29
Calculate the greatest common factor of 1111 and 404.
101
What is the greatest common divisor of 12 and 10032?
12
Calculate the greatest common factor of 48 and 256.
16
What is the greatest common factor of 9 and 72?
9
What is the greatest common divisor of 24 and 13440?
24
Calculate the highest common divisor of 47690 and 570.
190
Calculate the greatest common factor of 738 and 90.
18
Calculate the greatest common divisor of 1670 and 10.
10
Calculate the greatest common divisor of 29 and 899.
29
Calculate the greatest common factor of 340 and 490.
10
Calculate the greatest common divisor of 144 and 54.
18
Calculate the highest common factor of 90 and 29520.
90
What is the greatest common divisor of 308 and 154?
154
What is the highest common divisor of 38 and 38?
38
Calculate the highest common factor of 9 and 261.
9
Calculate the highest common divisor of 1212 and 12.
12
What is the greatest common factor of 190 and 40660?
190
Calculate the greatest common factor of 3184 and 304.
16
Calculate the highest common factor of 13 and 9269.
13
What is the greatest common factor of 80 and 2580?
20
Calculate the highest common factor of 1819 and 1712.
107
Calculate the highest common factor of 418 and 2024.
22
What is the greatest common divisor of 702 and 24?
6
What is the highest common divisor of 198 and 126?
18
Calculate the greatest common divisor of 100 and 550.
50
Calculate the highest common divisor of 546 and 168.
42
Calculate the greatest common divisor of 200 and 75.
25
Calculate the greatest common divisor of 427 and 14.
7
What is the highest common divisor of 63 and 5229?
63
Calculate the greatest common divisor of 1216 and 76.
76
Calculate the highest common divisor of 1802 and 102.
34
What is the highest common divisor of 6576 and 120?
24
Calculate the greatest common factor of 34 and 425.
17
What is the greatest common factor of 6 and 486?
6
Calculate the greatest common factor of 2941 and 34.
17
What is the highest common factor of 120 and 1240?
40
Calculate the highest common factor of 38976 and 168.
168
Calculate the highest common divisor of 112 and 12.
4
Calculate the greatest common factor of 2760 and 120.
120
What is the greatest common factor of 115 and 125?
5
What is the highest common divisor of 15 and 845?
5
What is the greatest common factor of 345 and 138?
69
Calculate the highest common divisor of 350 and 140.
70
What is the greatest common factor of 824 and 88?
8
What is the highest common factor of 54 and 1278?
18
What is the greatest common divisor of 25 and 65?
5
What is the highest common divisor of 154 and 2354?
22
Calculate the greatest common divisor of 159 and 11183.
53
What is the highest common factor of 544 and 2312?
136
Calculate the greatest common factor of 20 and 1970.
10
Calculate the highest common factor of 1118 and 325.
13
What is the greatest common factor of 14 and 1162?
14
Calculate the highest common divisor of 17 and 8.
1
Calculate the greatest common factor of 16 and 80.
16
What is the highest common divisor of 51 and 85?
17
Calculate the highest common factor of 175 and 41300.
175
Calculate the greatest common factor of 45 and 153.
9
Calculate the highest common divisor of 572 and 220.
44
Calculate the highest common divisor of 286 and 1170.
26
Calculate the highest common factor of 374 and 286.
22
What is the greatest common divisor of 165 and 15?
15
What is the greatest common divisor of 48 and 304?
16
Calculate the highest common factor of 15542 and 76.
38
Calculate the greatest common divisor of 155 and 62.
31
Calculate the greatest common factor of 1809 and 134.
67
What is the highest common divisor of 290 and 7830?
290
What is the gre